actor of 52 and 1664.
52
Calculate the greatest common factor of 4 and 3880.
4
What is the greatest common factor of 136 and 40?
8
Calculate the highest common factor of 231 and 126.
21
Calculate the greatest common divisor of 1350 and 500.
50
Calculate the highest common divisor of 350 and 1918.
14
What is the highest common divisor of 546 and 399?
21
What is the greatest common divisor of 42 and 1750?
14
What is the greatest common divisor of 57 and 16587?
57
Calculate the highest common divisor of 2016 and 1092.
84
Calculate the highest common divisor of 987 and 21.
21
What is the greatest common factor of 4950 and 10?
10
What is the highest common factor of 92 and 3243?
23
What is the highest common divisor of 3143 and 21?
7
What is the highest common factor of 240 and 7608?
24
Calculate the greatest common divisor of 3409 and 7.
7
Calculate the greatest common factor of 38 and 52060.
38
Calculate the highest common factor of 152 and 52516.
76
Calculate the greatest common divisor of 17068 and 136.
68
What is the highest common divisor of 276 and 1068?
12
What is the greatest common factor of 20 and 248?
4
What is the greatest common divisor of 297 and 6?
3
What is the greatest common divisor of 50 and 550?
50
What is the highest common factor of 1763 and 43?
43
Calculate the highest common divisor of 192 and 1824.
96
Calculate the greatest common factor of 19 and 19.
19
Calculate the highest common factor of 148 and 6956.
148
What is the greatest common divisor of 28 and 518?
14
Calculate the highest common divisor of 71 and 213.
71
What is the greatest common factor of 9 and 10?
1
What is the highest common factor of 10742 and 524?
262
Calculate the highest common factor of 216 and 12888.
72
What is the highest common factor of 105 and 1610?
35
What is the greatest common factor of 13 and 65?
13
Calculate the highest common divisor of 6 and 18.
6
What is the highest common factor of 1 and 44?
1
What is the greatest common factor of 38 and 722?
38
What is the greatest common factor of 124 and 18600?
124
What is the highest common divisor of 432 and 999?
27
What is the greatest common factor of 2928 and 48?
48
Calculate the highest common divisor of 85 and 5.
5
What is the highest common divisor of 2332 and 4?
4
Calculate the greatest common factor of 4795 and 105.
35
What is the greatest common divisor of 396 and 144?
36
Calculate the highest common factor of 1911 and 39.
39
Calculate the greatest common divisor of 636 and 24.
12
What is the highest common factor of 4 and 89?
1
What is the greatest common factor of 20 and 8980?
20
Calculate the highest common factor of 4439 and 193.
193
Calculate the greatest common divisor of 507 and 26.
13
Calculate the highest common factor of 245 and 49.
49
Calculate the highest common factor of 3344 and 9728.
304
Calculate the highest common divisor of 96 and 120.
24
What is the highest common divisor of 40 and 25?
5
Calculate the highest common divisor of 175 and 5675.
25
Calculate the greatest common factor of 5412 and 1107.
123
What is the highest common divisor of 10 and 5810?
10
What is the highest common divisor of 65 and 1235?
65
Calculate the highest common factor of 30 and 3045.
15
Calculate the highest common factor of 351 and 468.
117
What is the highest common factor of 531 and 9?
9
What is the highest common factor of 66 and 12?
6
What is the highest common divisor of 303 and 2929?
101
Calculate the greatest common factor of 54 and 180.
18
What is the greatest common factor of 2573 and 62?
31
Calculate the highest common divisor of 44 and 77.
11
What is the highest common divisor of 6825 and 819?
273
What is the highest common factor of 128 and 2592?
32
Calculate the highest common divisor of 74 and 2.
2
What is the highest common factor of 144 and 9?
9
Calculate the greatest common factor of 4096 and 32.
32
What is the highest common factor of 16 and 536?
8
Calculate the highest common divisor of 186 and 1767.
93
Calculate the highest common divisor of 44 and 1166.
22
What is the highest common divisor of 295 and 8555?
295
Calculate the highest common factor of 144 and 1170.
18
What is the greatest common divisor of 793 and 351?
13
What is the highest common factor of 715 and 55?
55
What is the greatest common divisor of 35496 and 18?
18
What is the highest common factor of 2 and 818?
2
What is the greatest common divisor of 2489 and 131?
131
Calculate the highest common factor of 51 and 19754.
17
What is the highest common factor of 14608 and 176?
176
Calculate the highest common divisor of 8357 and 685.
137
Calculate the highest common factor of 25142 and 52.
26
What is the highest common factor of 2061 and 1?
1
What is the highest common factor of 110 and 308?
22
What is the highest common factor of 102 and 3366?
102
What is the highest common factor of 1971 and 216?
27
Calculate the highest common divisor of 264 and 99.
33
What is the greatest common divisor of 132 and 14718?
66
What is the highest common divisor of 123 and 5453?
41
Calculate the highest common divisor of 175 and 567.
7
What is the greatest common factor of 93 and 2511?
93
What is the highest common divisor of 432 and 18?
18
Calculate the greatest common divisor of 12 and 336.
12
What is the greatest common divisor of 3980 and 597?
199
Calculate the highest common divisor of 10087 and 77.
77
What is the highest common factor of 150 and 240?
30
What is the greatest common factor of 96 and 816?
48
What is the greatest common factor of 429 and 143?
143
Calculate the highest common factor of 1155 and 55.
55
What is the greatest common factor of 528 and 363?
33
Calculate the highest common divisor of 1077 and 3.
3
Calculate the highest common factor of 663 and 9503.
221
What is the highest common factor of 2804 and 20?
4
What is the greatest common divisor of 9 and 9?
9
What is the highest common divisor of 22 and 506?
22
What is the greatest common divisor of 2228 and 4?
4
Calculate the greatest common divisor of 118 and 413.
59
Calculate the greatest common factor of 155 and 93.
31
Calculate the highest common factor of 172 and 774.
86
What is the highest common factor of 12 and 492?
12
What is the highest common divisor of 8 and 10?
2
Calculate the highest common divisor of 144 and 2466.
18
What is the greatest common divisor of 176 and 484?
44
Calculate the highest common divisor of 589 and 551.
19
What is the highest common divisor of 80 and 144?
16
What is the highest common divisor of 153 and 663?
51
Calculate the greatest common factor of 2703 and 51.
51
What is the greatest common factor of 905 and 5?
5
Calculate the greatest common divisor of 42 and 5852.
14
What is the highest common factor of 533 and 91?
13
What is the greatest common divisor of 119 and 272?
17
Calculate the greatest common factor of 69 and 529.
23
What is the greatest common divisor of 239 and 1?
1
What is the greatest common divisor of 41 and 451?
41
Calculate the greatest common divisor of 120 and 96.
24
What is the highest common divisor of 143 and 66?
11
What is the greatest common factor of 153 and 255?
51
What is the greatest common divisor of 56 and 40?
8
What is the highest common factor of 8 and 36?
4
Calculate the greatest common factor of 867 and 136.
17
What is the greatest common factor of 30 and 6?
6
Calculate the greatest common divisor of 576 and 144.
144
What is the highest common factor of 813 and 9?
3
What is the greatest common factor of 1452 and 12?
12
Calculate the greatest common divisor of 60 and 3180.
60
What is the highest common factor of 63 and 9?
9
Calculate the greatest common divisor of 111 and 1295.
37
Calculate the highest common factor of 17 and 697.
17
Calculate the greatest common factor of 93 and 2604.
93
Calculate the highest common divisor of 77 and 6391.
77
What is the highest common divisor of 140 and 948?
4
Calculate the greatest common factor of 540 and 28.
4
Calculate the greatest common factor of 224 and 14.
14
What is the highest common divisor of 44 and 704?
44
What is the greatest common divisor of 24 and 48?
24
What is the greatest common factor of 40 and 290?
10
What is the greatest common divisor of 192 and 114?
6
Calculate the highest common factor of 1100 and 44.
44
Calculate the high